-1053. Calculate the highest common factor of 423 and i.
9
Suppose 0 = 3*l + x + 50 + 82, 0 = l - x + 40. Let p = 14 - l. What is the highest common divisor of p and 627?
57
Let y be (-40)/(-5) + -2 + 112. What is the highest common factor of 2 and y?
2
Let r be 4 + (3 + (3 - 3) - -2). Let h(c) = -c + 99. Let p be h(0). Calculate the highest common divisor of p and r.
9
Suppose -4 = 4*t, -t = -w + 2*w - 15. Calculate the highest common factor of w and 656.
16
Let n = 2225 - 1841. What is the greatest common factor of 240 and n?
48
Suppose 245 = 17*p - 95. Calculate the highest common factor of p and 115.
5
Let m be 280/21 + (-2)/6. Suppose 5*i - 65 = -4*x - 2, 5*i + x = 57. Suppose -i*n + 32 = -683. What is the greatest common factor of m and n?
13
Suppose -i - 42 = -2*j + 6*j, -5*j - 15 = 0. Let w be 3/12 + -3 + (-187)/(-4). Let p = w + i. Calculate the greatest common factor of 28 and p.
14
Let k be (-36)/14*(-56)/6. Let z be (54/8)/(9/k). What is the greatest common divisor of z and 6?
6
Suppose -4*l - 3*z + 71 = 0, -l - 3*z + 11 = -0. Calculate the highest common divisor of l and 490.
10
Let m(r) = 37*r + 579. Let o be m(-6). Calculate the highest common factor of o and 189.
21
Suppose x - 21 - 47 = 0. Calculate the greatest common factor of 51 and x.
17
Let v = 613 + -195. Calculate the highest common divisor of v and 38.
38
Suppose 95*c + 6 = 97*c. Suppose -5*j + c*r + 6 = -2, 3 = 4*j + r. What is the greatest common factor of j and 17?
1
Let r be 6/4*(-70)/(-21). Suppose 0 = -8*z + r*z + 429. What is the greatest common divisor of z and 13?
13
Let p = 32 + -21. Let c = -34 - -35. Let j = p - c. Calculate the greatest common factor of j and 10.
10
Let c(p) = -8*p + 2. Let o be c(-1). Calculate the greatest common divisor of 90 and o.
10
Suppose -3*y + 86 = 2*x, -78 - 16 = -3*y + 2*x. Calculate the highest common factor of y and 2.
2
Let z = -72 + 20. Let r = z + 71. Let h(v) = -3*v - 2. Let i be h(-7). What is the highest common factor of r and i?
19
Let b = 22 - 17. Let q(t) = -3*t + 12. Let m(u) = -2*u + 8. Let r(g) = b*q(g) - 7*m(g). Let v be r(0). What is the greatest common divisor of 10 and v?
2
Let h be (308/(-4))/(-13 - -12). Let j(q) = -4*q - 5. Let p be j(-4). Calculate the highest common divisor of p and h.
11
Suppose 2*y = -2*g + 2, 3*y - 6 = -2*g - 3. Suppose g + 6 = 2*k. Let b = 41 + -20. Calculate the highest common factor of k and b.
3
Let l be (-6)/9 - (-2884)/42. What is the greatest common factor of l and 85?
17
Suppose -4*l + 3 = -309. Let g = 5281 - 5242. What is the greatest common factor of l and g?
39
Let p = 41 + -29. Let z be (108/5)/(4/20). Calculate the highest common divisor of p and z.
12
Suppose 1440 = -702*g + 714*g. Calculate the highest common factor of 1000 and g.
40
Let h(g) = -5*g - 8. Let n be h(-5). Let p(i) = 33*i**3 + i**2 - 2*i + 2. Let o be p(1). What is the greatest common factor of n and o?
17
Let t = 13 - 15. Let c = t + 10. Let v be (44/(-3))/(1/(-6)). Calculate the highest common divisor of v and c.
8
Let y = -32 - -35. Suppose -y*p + 3*m + 54 = -21, -4*p = -5*m - 101. Calculate the highest common factor of 24 and p.
24
Let o(p) = 2*p**3 - 38*p**2 - 40*p + 19. Let u be o(20). What is the highest common divisor of u and 76?
19
Suppose -3*t + 0*l - 4*l - 17 = 0, -l - 29 = 3*t. Let r be (t/2)/(7/(-14)). Let k be ((-3)/9)/((-2)/6). Calculate the greatest common factor of k and r.
1
Let o(u) = 448*u. Let g be o(1). Suppose -h - 2*i - 29 = 0, 50 = -2*h - 0*i - 2*i. Let y be (g/h)/(2/(-6)). What is the highest common factor of y and 8?
8
Let g = 28 - 31. Let x(c) = 34*c**2 + 3*c. Let k be x(g). Suppose -3*p = -12*p + k. Calculate the greatest common divisor of p and 11.
11
Suppose 241*y - 232*y = 7686. Calculate the highest common factor of y and 14.
14
Suppose -4*c + 360 = c - 5*o, -4*o + 20 = 0. What is the greatest common divisor of 11 and c?
11
Suppose -12*k = 3*k - 4620. What is the greatest common factor of k and 28?
28
Suppose -4*y + 61 = b + 4*b, b = 5. Suppose 0 = -2*r + 3*r - 170. Suppose 5*o + 5*j = o + r, 0 = o + j - 43. What is the greatest common factor of o and y?
9
Let l be (16 - 9) + (29 - 11). Let f(h) = h**3 - 2*h**2 - 4*h + 1. Let s be f(5). Let q = s - 31. What is the greatest common factor of q and l?
25
Let i(l) = 29*l + 10. Let o be i(1). Suppose 0 = 40*h - o*h - 36. What is the greatest common factor of h and 18?
18
Let q be -1*(-3 + 3)/5. Let p(l) = l**2 - 2*l + 34. Let y be p(q). Calculate the highest common factor of 17 and y.
17
Let u(r) = r**2 - 10*r + 27. Let z be u(3). Let w(n) = 64*n + 2. Let a be w(1). What is the greatest common factor of z and a?
6
Let c(g) = g**3 - 12*g**2 - g + 16. Let v be c(12). Suppose 3*k - 4*k = v. Let w be 224 - 2/k*0. Calculate the greatest common factor of w and 32.
32
Suppose 0 = 5*v - 25, 0*w - 192 = -w - v. Calculate the highest common divisor of 17 and w.
17
Let g be 9/(-6)*(-544)/3. Suppose -3*n = -5*j - 0*n + g, 111 = 2*j + n. What is the highest common divisor of 44 and j?
11
Suppose 18 = -14*w + 74. Suppose 4*a + 36 = -0*a. Let f be 240/a*6/(-5). Calculate the greatest common divisor of w and f.
4
Let a(t) = 24*t - 24. Let j(g) = -24*g + 24. Let f(u) = -3*a(u) - 4*j(u). Let z be f(8). Calculate the greatest common factor of z and 21.
21
Let b(o) = 7*o**2 - o - 11. Let s be b(-4). What is the highest common factor of s and 84?
21
Suppose 7*x + 15 = 12*x. Suppose 0 = -5*t, 5*i + x*t = -t - 20. Let q be (-82 + (-8)/i)*-2. What is the highest common factor of q and 32?
32
Suppose -12*k + 583 = 427. Calculate the greatest common factor of 2 and k.
1
Let r(h) = -h**2 - 6*h + 6. Let j be r(-6). Let g be 331/5 - 9/45. What is the highest common divisor of j and g?
6
Suppose 0 = 3*v - 4*g + 8 - 30, -2*v = 4*g - 48. Suppose 12*p - 140 = 2*p. What is the greatest common divisor of p and v?
14
Let k be (-84)/(-20)*(-30)/(-9). Let g be (-3)/18 + 39/18. What is the highest common factor of g and k?
2
Let j = -79 - -159. Suppose 2*z = -0*z + 64. Calculate the greatest common divisor of z and j.
16
Suppose 3*l - 249 = 2*l. Let f = 417 - l. Let g be (-4 - -2)/(8/(-84)). Calculate the greatest common factor of g and f.
21
Let i = -69 + 69. Let v(m) = -m**2 - m + 4. Let a be v(i). What is the highest common factor of 32 and a?
4
Let o(f) = 42*f**2 + 13*f - 1. Let m be o(-3). Calculate the greatest common factor of m and 78.
26
Suppose 3*w - 1107 - 453 = 0. Calculate the greatest common divisor of w and 52.
52
Let i = 60 - -3. Let o = i - -12. What is the highest common factor of o and 25?
25
Let x(w) = -w**2 - 3*w + 2. Let r be x(-7). Let a = r + 38. Calculate the highest common factor of 30 and a.
6
Suppose 0 = -3*y - 0 + 6. Suppose -2*f - k = -419, 0 = -4*f + y*k + 476 + 366. Calculate the greatest common divisor of 21 and f.
21
Let k = 13 + -11. Let g = 48 - 28. Suppose -5*u - 5*m + 5 = 0, -4*m = -k*u + g - 0. Calculate the highest common factor of 1 and u.
1
Let j = 35 - 33. Suppose -4*d + 166 = j*t - 242, 3*d - 288 = 3*t. Calculate the greatest common divisor of 20 and d.
20
Let k be ((-10)/(-3))/((-26)/(-429)). Let i = k - 23. What is the greatest common factor of 16 and i?
16
Let b = 141 - -226. Let f = -220 + b. What is the greatest common divisor of 21 and f?
21
Let r be (-3)/((-38)/(-44) - 1). Let w be 2/3 + (-13890)/(-9). Let a be w/10 + 10/(-25). What is the greatest common divisor of a and r?
22
Let b be (18 - (-1 - -1)) + 3/(-1). Suppose 4*f + 165 = -g + 2*g, -f = 3*g - 495. Calculate the greatest common factor of g and b.
15
Let j = -11 - -11. Suppose -7*v = -j*v. Suppose 48 + v = 3*b. What is the highest common divisor of b and 2?
2
Let h(w) = w**3 + 6*w**2 - 4*w + 1. Let l be (3 + -1)/(9/(90/(-4))). Let b be h(l). What is the highest common divisor of b and 23?
23
Let r = 29 + -13. Let i = 12904 + -12776. Calculate the greatest common divisor of r and i.
16
Let y be (-550)/(-16) + (-81)/216. Calculate the highest common divisor of y and 17.
17
Suppose 8*v - 3*v = -5*t + 45, 0 = 2*t + 5*v - 24. Let n be -1 + 3 + t/((-49)/(-56)). What is the greatest common factor of 50 and n?
10
Let g(m) = 120*m + 582. Let f be g(-4). What is the greatest common divisor of 34 and f?
34
Let x(o) = 9*o**3 - 2*o**2 - 2*o. Let a be x(2). Suppose 